 - -4?
False
Does 9 divide 3*(-4)/(4/(-15))?
True
Let s(b) = b**3 - 12*b**2 + 13*b + 2. Is s(11) a multiple of 5?
False
Let a = 11 + -6. Suppose a*i - 57 = 23. Suppose 2*o - 6*o + i = 0. Is o even?
True
Is 11 a factor of (-20)/(-130) - 1894/(-26)?
False
Suppose 6 - 2 = i. Suppose 0*o - o = -i*j + 3, j + 3 = o. Suppose s = u + 5*s + 11, 0 = -o*s - 25. Is u a multiple of 3?
True
Suppose 4*o = 4, 8*o - 5*o = 4*x - 21. Is x even?
True
Let x be (1 - -7)*-2 - 1. Let g = x + 26. Is 114/g + (-2)/3 a multiple of 10?
False
Let r(d) = -d**2 + 13*d + 6. Is r(6) a multiple of 16?
True
Let s = 6 + -4. Suppose 2*y = 5*l - 135, 0 = 4*l + s*y - 6*y - 96. Does 17 divide l?
False
Suppose 2*c - 476 = 6*c. Let k = -82 - c. Is k a multiple of 13?
False
Suppose -5*y + 733 + 572 = 0. Is y a multiple of 25?
False
Let g(j) = -28*j**3 - j - 2. Is 9 a factor of g(-1)?
True
Let y(a) be the third derivative of a**5/60 + a**4/4 + a**3/2 - a**2. Let g = -107 + 100. Does 10 divide y(g)?
True
Let q = -35 + -10. Is 20 a factor of q/(-6)*(-80)/(-12)?
False
Is 3 a factor of (-70)/(-5) + (-6)/3?
True
Is (10/(-20))/(1/6)*-21 a multiple of 23?
False
Let j(l) be the third derivative of l**8/20160 + l**7/840 + 7*l**6/720 + l**5/30 - 4*l**2. Let p(q) be the third derivative of j(q). Is p(-7) a multiple of 5?
False
Let b(c) be the third derivative of c**6/24 + c**4/12 - c**3/6 + 4*c**2. Is 3 a factor of b(1)?
True
Let o = 67 + 65. Is 33 a factor of o?
True
Let c(t) = 2*t**2 + 3*t + 1. Let i be c(-2). Suppose -2*z + 190 = 3*l, 274 = i*z - 2*l + l. Suppose 0*g - z = -4*g. Is g a multiple of 11?
False
Suppose 6*w - w - 180 = 0. Is 12 a factor of w?
True
Let r(i) = -9*i**3 - 9*i**2 - 4*i + 8. Let z(v) = 5*v**3 + 4*v**2 + 2*v - 4. Let m(w) = 4*r(w) + 7*z(w). Let p be (0 - 2)/(1/4). Is m(p) a multiple of 10?
True
Let h = 91 - -6. Is 20 a factor of h?
False
Suppose -32 = -4*g + 8. Let l = 12 - 9. Let w = g + l. Does 6 divide w?
False
Suppose -3*i + 4*u + 9 = 0, 0 = -4*i + 5*u + 11. Let w be 1*-4*(2 - 3). Is 1 + 1 + w + i even?
False
Let j = 12 + -7. Suppose 0*v - 2*v + j*i = -60, 5*v - i - 196 = 0. Does 11 divide v?
False
Let i(m) = -6*m - 8. Let c(n) = 5*n + 8. Let d(o) = -7*c(o) - 6*i(o). Let p be 14 + 2*(-3)/6. Does 2 divide d(p)?
False
Let w(k) = 2*k**2 - 3*k - 3. Let p be w(3). Let b = p - 4. Does 3 divide ((-9)/12)/(b/(-8))?
True
Let d = 10 - 8. Suppose 0 = -4*p - d*l - 40, 4*l - 8 = 3*p - 0. Let y = p + 15. Does 4 divide y?
False
Let h = -16 + 7. Suppose c = 5*c + 68. Let f = h - c. Does 4 divide f?
True
Suppose -p = p - 4. Let a(g) = -3*g + p + g - 4*g. Does 14 divide a(-6)?
False
Let b = -5 - -8. Suppose 0 = -2*m - 5*q + 10, b*m - 5*m + 6 = 3*q. Suppose m = -2*g - 0*g + 86. Does 16 divide g?
False
Let m = -2 + 4. Is 2 a factor of 0 + 2 + 2/m?
False
Let o = -56 - -111. Suppose 0*f - 5*f + o = 0. Let i = -3 + f. Is 6 a factor of i?
False
Let b = 256 - 397. Let h = 197 + b. Suppose 0 = 2*p + 4 - h. Does 13 divide p?
True
Let x be 6 - -3*4/(-6). Suppose -x*l + 237 = -j, 0*j = 2*l + 2*j - 116. Does 21 divide l?
False
Suppose 0 = -5*d + 19 + 21. Suppose 30 = -d*n + 9*n. Is 15 a factor of n?
True
Let m(i) = i**3 + 7*i**2 + 4*i - 5. Let x be m(-6). Let r(j) = j**2 - j + 1. Let o(z) = z**2 - 2*z + 2. Let b(y) = x*r(y) - 3*o(y). Is b(-2) a multiple of 19?
True
Let j = 1 + 2. Suppose -j*a + 8 = a. Suppose -r + 2*r = -1, -a*v + 3*r = -59. Is v a multiple of 11?
False
Suppose 0 = -2*m + 11*m - 765. Does 14 divide m?
False
Let v = -7 + 11. Suppose 5*u - 2*z - 28 = 0, -v*u + 4*z - 2*z + 22 = 0. Does 6 divide u?
True
Let d(n) = -5*n**3 + 4*n. Let x(h) = h**3 - h. Let p(l) = -d(l) - 3*x(l). Let b be p(-1). Is 13 a factor of 26 - 2 - -1 - b?
True
Suppose 4*w - 8*j + 4*j = 44, -4*w + 5*j + 48 = 0. Is w even?
False
Suppose 3*m = -4*n + 22, 14 = 5*m - 0*m + n. Suppose -4*c - 3*q + 45 = 0, m*c + 21 = 5*c - 2*q. Is c a multiple of 6?
False
Let g(d) = 6*d - 16. Let c(s) = 3*s - 8. Let l(i) = -5*c(i) + 3*g(i). Suppose q - 4*k = 10, 3*q - 8 = 2*q + 2*k. Is l(q) a multiple of 5?
True
Suppose 0 = h - 0*l - l - 15, -l = 5. Suppose 0 = 2*b + h - 142. Does 22 divide b?
True
Let b(h) be the third derivative of -11*h**4/12 - 4*h**2. Is b(-1) a multiple of 22?
True
Does 7 divide 2 - 2 - (-14 + 3)?
False
Let i(h) = -3*h**3 - 3*h**2 - h - 2. Let w be i(-2). Let c be (8/w)/((-6)/(-9)). Let z(b) = 5*b**3 + 2*b**2 - 2*b + 1. Does 6 divide z(c)?
True
Let x = -9 - -14. Is 10 a factor of (-6 + x)/(2/(-58))?
False
Suppose 9*z - 4*z = 440. Is z a multiple of 15?
False
Suppose 3*w - 73 = 5. Is w a multiple of 13?
True
Suppose 3*q + 3 = -3*k, 4*q + 0*q - 8 = -2*k. Let g(d) = -d**2 - 8*d - 6. Let r be g(k). Suppose -49 = -5*s + r. Does 11 divide s?
True
Suppose -4*i = -5*v - 115, -5*i + 9*i + 5*v = 125. Is i a multiple of 30?
True
Let p(x) = -x + 7. Let r = -28 + 11. Does 8 divide p(r)?
True
Let q = -56 + 89. Let v = -20 + q. Does 11 divide v?
False
Let h(v) = -2*v - 13. Let z be h(-9). Suppose 0*b - 208 = -z*o + 2*b, 4*b - 172 = -4*o. Is 18 a factor of o?
False
Let l = 1 - 2. Suppose 15 = 4*n + n. Is 57 + 0/(l + n) a multiple of 21?
False
Suppose -2*l - 2*l + 16 = 0, 0 = -i - l + 9. Is 4 a factor of i?
False
Suppose 3*j + 96 = 3*g, 3*g + 2*j - 20 = 2*g. Is g a multiple of 12?
False
Suppose -98 = -4*h + 18. Let l = 45 - h. Suppose -2*n = -0*n, -l = -4*d - 3*n. Does 3 divide d?
False
Let t(q) = -q**2 - 5*q. Let g be t(-4). Suppose -s - 9 = -g*s. Suppose 0 = -2*i - s*c - 0*c + 61, -3*i = 5*c - 93. Is i a multiple of 18?
False
Let n(r) = -8*r + 2 - 2 - 2 - r**2. Let v(m) = -m**2 + m. Let c(d) = -n(d) - 4*v(d). Is 7 a factor of c(-2)?
True
Suppose 0 = 3*i - 5*g + 11, -4*i - 2*g = 37 - 5. Let x(v) = -8 - 10*v - 3*v**2 + 4*v**2 + 3*v**2 + 2*v**2 + v**3. Is 13 a factor of x(i)?
True
Suppose 0 = -4*g + 2*g, 4*g + 30 = 5*s. Suppose s*o = 4*o + 20. Is o a multiple of 8?
False
Suppose 2*a = -0*a - 2. Let z = a + 3. Suppose 5*f - z*f + 5*r = 131, f - 5*r = 17. Is f a multiple of 16?
False
Suppose l = 3*l - 68. Suppose 5*o + 5*y = y + 107, -l = -o - 5*y. Is 19 a factor of o?
True
Suppose -3*z + 18 + 0 = 0. Suppose -l = -2*i + z, -2*l - 4*i - 1 = -21. Suppose -l*y - 2 = -30. Is y a multiple of 12?
False
Let a(n) = 2 - 1 + 0 + 35*n**2. Is 15 a factor of a(1)?
False
Let w be (-69)/(-15) + (-2)/(-5). Suppose 0 = 2*u + 3*u + 2*i - 26, i + 13 = 4*u. Suppose -2*s + w = 3*s, u*f - s - 23 = 0. Is f a multiple of 6?
True
Is 8 a factor of (-6 + (6 - 1))*-29?
False
Let h be 2/6*(-11 + -1). Is (h/6)/(14/(-441)) a multiple of 8?
False
Let q(n) = 43*n**2 - 2*n - 1. Let x be q(-1). Suppose c + 2*z - 24 = z, -4*z = -3*c + x. Is c a multiple of 16?
False
Let q = 4 - 6. Let b be q - 1/(-2)*0. Does 7 divide -1 - b - -1 - -16?
False
Let g be (120/35)/(2/(-329)). Is g/(-14) + (-4)/14 a multiple of 23?
False
Let k be (-7)/((-7)/(-4)) - -1. Does 11 divide (3/k)/(1/(-11))?
True
Let x(k) = 6*k - 1. Let u be -3 + (4 - 1) + 9. Does 16 divide x(u)?
False
Suppose 5*q = 1 + 19. Let h = 7 - 7. Let r = h + q. Does 3 divide r?
False
Let u = 6 - 14. Let f(y) be the third derivative of -y**6/120 - 2*y**5/15 - y**4/24 + y**3/2 + y**2. Is 6 a factor of f(u)?
False
Is 3/((-4)/((-192)/9)) a multiple of 8?
True
Let y be 12/(-8)*3*-2. Suppose y = 3*z - 21. Is z a multiple of 5?
True
Let w(r) = -r**3 - 2*r**2 + 7*r + 5. Let p = -10 + 6. Does 9 divide w(p)?
True
Let z(p) = -p - 2. Let x be z(-5). Does 14 divide 1 + 21 - (3 - x)?
False
Let b(k) = -k**3 + 7*k**2 + 3. Let u be b(7). Let m(f) = f**2 + 6*f - 9. Let t be m(-8). Suppose 0 = t*n - u*n - 52. Is 9 a factor of n?
False
Is (-4)/(-10) - 406/(-10) a multiple of 13?
False
Let t(h) = 7*h**2. Suppose 5*s + 0*s = -10. Is 14 a factor of t(s)?
True
Let n(o) = 6*o**2 + o + o - 5*o**2 + 2. Is 17 a factor of n(-5)?
True
Is 2 a factor of (-3)/1 - (-13 + 4/(-4))?
False
Let k(t) = -3*t - t + 3 + 8*t. Suppose 5*d - 23 = 2. Is 16 a factor of k(d)?
False
Suppose 5*v - 3*a - 84 = 0, 1 + 2 = -a. Suppose -q - v = -6*q. Suppose g - q = 5. Is g a multiple of 8?
True
Let z = 34 - 12. Let t = 27 - z. Is t even?
False
Let d be (-3)/((-2)/52*2). Suppose -3*l - 12 + d = 0. Does 4 divide l?
False
Let z = -421 + 617. Is 14 a factor of z?
True
Let s(h) = 1 - 11*h - 8*h - 5 + 3. Let v be (-1)/(-1 + 2 - 0). Is s(v) a multiple of 9?
True
Let s(k) = k**3 + 14*